 13 + -49 + 6).
-58
What is the value of (-24 - 11) + (-17 - -121 - -10)?
79
Calculate -15 + (58 - 53 - 28).
-38
Calculate -5 + -12 + 23 + (71 - -5) + -1.
81
What is (-7 + -4 + 3 - -39) + 16?
47
Evaluate (-39 - (21 + -53)) + 39 - 104.
-72
What is the value of 107 - (7 - -32) - 43?
25
What is the value of 30 - (-16 + (-40 - -84))?
2
Evaluate (33 + -66 - 48) + 173.
92
What is the value of 102 + 0 + 2297 + -2323?
76
5 + -54 + 17 + 50
18
Evaluate (-2 - (-1 + 1 + 8 + -7)) + 8 + 44.
49
Evaluate -11 - (32 - -92) - (4 + 2 + -2 - 10).
-129
What is 89 + (10 - 97) + 19?
21
What is the value of (-12 - -5) + (5 - -1) + (2 - (-9 - 25))?
35
-79 - (-5 + -31 - 15)
-28
Calculate (32 - 79) + 87 + -8.
32
What is -253 - -368 - (4 + 59)?
52
Evaluate -3 - 0 - -14 - ((0 - 43) + 62 + -22).
14
Evaluate 18 + -31 + -16 + 20.
-9
34 + 3 - (574 - 576)
39
What is -3 - -4 - -1 - (-59 - -95 - 11)?
-23
Calculate 18 + (-15 - -7) + -6 + (-31 - -83).
56
-8 + 77 - 31 - (-6 - -4 - 8)
48
Calculate (123 + 49 - 34) + -47 + 7.
98
What is the value of 3 - -20 - (-480 + 525)?
-22
Calculate 12 + (60 - (-2 - (2 - 1))) + -562 + 576.
89
((10 - 14) + 18 - 8) + -7 - 24
-25
Calculate 48 + 5 - (-137 - -54 - -116).
20
Calculate 13 + -14 - (10 + (0 - 3) - 16 - 50).
58
What is (-11 - -13) + 7 + -3 + (-1 - -2) - -29?
36
Calculate -37 - (15 + (-24 - -15) + 2).
-45
(-16 - -68) + (-3 + -4 - -8 - (-2 + -7))
62
Calculate -6 + -24 - (-73 - 62).
105
What is 2 + (-36 + -3 + 7 - 0) + 132 + -128?
-26
-5 + 50 + (0 - 62)
-17
32 + (48 - 43) - 8
29
Calculate 59 - ((-6 - 12) + -15 + 39 - -8).
45
Evaluate 4 + -89 + 15 + (7 - 19) + 7 + -12.
-87
What is the value of 8 + (-7 + 9 + -18 - -4) - -98?
94
-18 + 7 + -82 + 119
26
What is 1 + -82 + 276 + -257?
-62
Evaluate -11 + -3 + -35 + (46 - -17) - -20.
34
Calculate 54 + -37 + -22 + 55.
50
Calculate (-10 - (22 - 10)) + 40 + 32.
50
Calculate 67 + -89 - (-64 + 45).
-3
What is the value of 54 + -72 + -6 - -32?
8
118 - (68 + 48 + -19)
21
What is the value of 35 + (-9 - (6 - -5))?
15
Evaluate (-12 + -2 - (-11 + -7)) + 53.
57
-15 - (-6 + 0 + (-27 - 15))
33
-50 + (-32 - -70) + -31
-43
What is the value of (-1 - -3 - 10) + 5 - (-165 + 215)?
-53
What is 5 + 2 + (1 - (21 + -14 + -2) - -12)?
15
Calculate (-1 - (-2 + -72)) + (150 - (-20 + 161)).
82
What is the value of -37 + (-36 - -170) - (-2 + 3 + -3 - 9)?
108
What is -81 - (22 + -2 + (-31 - -9 - -14))?
-93
Evaluate 40 + -12 + -15 + 52.
65
Calculate (-24 - -21) + (2 - 17) - -8 - (2 + -73).
61
-32 + -115 + 167 + -48
-28
Calculate -3344 + 3350 - (19 + -1 - 0) - (-61 + -1).
50
What is the value of (0 + -8 - (2067 - 2087)) + 0 + -89?
-77
What is the value of -85 + 114 + 4 - (124 - 1)?
-90
Evaluate 2190 + -2186 + 1 + -13 + -3 + 3.
-8
(-1 + 0 + 0 - -11) + -134 + -480 + 711
107
Calculate -2 + 11 + -1 + (-935 - -956).
29
Calculate 0 + (-16 - -3 - -10) - (80 - -10).
-93
What is -132 + (-57 - -348 - 137)?
22
Calculate -18 + 1 + -55 + 17 + 23.
-32
What is (6 + 2 - -5) + (-76 - -108)?
45
What is -4 + (86 - 25) - (-19 - -18 - (1 + -2))?
57
-16 - (-1225 + 1215 - (-1 - -19))
12
What is 103 + (128 - (96 + 68))?
67
96 - -1 - (207 - 179) - -7
76
Evaluate -2 - (249 + -267) - (-1 - (1 + 10)).
28
Evaluate (-1 + -22 - -47) + 26.
50
What is 57 - (2 + 1) - 54?
0
What is (97 - 163) + -9 - -140?
65
Calculate -149 + -45 + (-17 - -103).
-108
11 - (-11 - ((17 - (2 - -9)) + -4))
24
What is -45 - (42 - (25 - 11) - 179)?
106
What is 79 - 29 - 15 - (-7 - (-11 + 2))?
33
Calculate -75 + -34 + 86 - (3 + (-3 - -2) + -16).
-9
Calculate -108 + -49 + 128 - -13.
-16
-16 - (14 + (26 - 67)) - (-8 - 5)
24
What is 2 + -6 + 5 - (-684 - -594 - (-1 + 20))?
110
What is the value of 81 + -31 - 79 - -25?
-4
What is the value of (-17 + 18 - 19 - -1) + -15?
-32
Calculate 2 + -7 + 90 + -70 + -35.
-20
-158 - -115 - (-15 + 1 + 19)
-48
Evaluate -70 + (-17 - (4 - 32 - -9)).
-68
What is 13 + 65 + 102 + -268?
-88
What is the value of (7 - ((-3 - 6) + 6)) + -7 + -95?
-92
What is -15 - (9 - 5) - (-125 - -114)?
-8
What is 41 - 36 - 42 - -11?
-26
What is the value of -4 + 13 + 19 + (6 - 26)?
8
What is the value of (137 - 40) + -254 - -13?
-144
Calculate (334 - 395) + 25 + 7.
-29
What is 49 + -37 + -12 + 27 - 46?
-19
Evaluate -6 + (38 - -11 - 45).
-2
-32 - (-9 + -33) - 40
-30
What is the value of (10 - 1) + -4 - (44 + 2 + -5) - 13?
-49
Calculate -33 + 75 + -15 - 38.
-11
What is (19 - (-12 - -16)) + (-47 - -40) + -26 + -1?
-19
40 + 10 + -5 + -36
9
What is 219 + (-95 - 70) - (-1 + 3 + 7)?
45
What is 1 + 37 - (-394 + 399) - (3 - (-1 - -15))?
44
What is (7 - 0 - -15) + -1 + -16 + 3?
8
65 - (13 - (-61 - -37))
28
Calculate (14 - 7) + (-57 - -48) - (1 + -52).
49
Evaluate -842 + 783 + 1 + 24.
-34
Evaluate -3 + (103 - 0) + 10 + -3 + 3 + -2.
108
Calculate -43 - (-27 - -119 - 173).
38
-8 + 11 + (8 - 1) + (164 - 138)
36
What is -5 + (70 + -36 - (10 + 6))?
13
(10361 - 10351) + (-2 + 0 - -44) + -1 - 8
43
-21 - (-56 - 0 - -79)
-44
What is the value of (-2 - 17) + (-7 + -5 - -133)?
102
Calculate (-13 - -141) + -131 + 69.
66
What is the value of (-3861 - -4007) + -19 + -4 + -1?
122
Evaluate (0 - 7) + (66 - 58) + -9 + 4 + 11.
7
Calculate -6 + 57 + ((-12 - -26) + -9 - 5).
51
7 + -2 + (-16 - -3) - (-16 - (0 - 8))
0
What is the value of -2 + 13 + -11 + (-16 - -16) + -9?
-9
What is the value of (-9 - (-13 + -15)) + (29 - -72) + -22?
98
What is the value of 1458 + -1445 - (-56 - 3)?
72
What is -97 + 56 + -42 + 6?
-77
What is 70 - 73 - (-1 + -19)?
17
What is -12 + 105 + -37 + -103?
-47
Evaluate -28 - -13 - (78 + -149 + (1 - -14)).
41
Calculate 24 + (21 - (22 + -7) - 76).
-46
Evaluate 12 + -3 + (0 + 44 - (356 + -374)).
71
Evaluate 0 + 6 + (42 - (6 + 19)).
23
What is -29 - (-3 + 3) - (22 - (-18 - -53))?
-16
Evaluate 43 - -3 - (-10 + (10 - 14) + -3 + 11).
52
Calculate (-1238 - -1165) + (88 - 14).
1
Evaluate 2 + (-30 - -9) + -437 + 471.
15
5 + -98 - (5 - -2) - (19 - -8 - 31)
-96
What is (-7 - (7 + 1 + -4 + -9)) + 7 + 37?
42
What is 27 - ((25 - 60) + 23 - -6)?
33
Calculate (13 - -76 - 30) + (-15 - 7).
37
What is the value of -1082 + 985 - (-12 + 0 + 6 + 1)?
-92
Calculate (0 - -26) + (-52 + 21 - -1).
-4
What is 48 + (26 + -4 - 14 - 8)?
48
What is -52 - -97 - (-16 + 11)?
50
What is -49 + -1 - (36 + -28 + -20 + 9 - -10)?
-57
Evaluate -6 - (5 + (9 - -6) + 12 + -11).
-27
Calculate -51 + -9 + 12 + 10 + (16 - 3) + -6.
-31
Evaluate (-11 - (-28 - (18 - 39 - 0))) + 69.
65
Calculate 56 + (-69 - -19 - 14).
-8
What is -8 + 26 + -4 + (-38 - 14) + 5?
-33
Evaluate -13693 + 13782 + (-4 - -3 - (-2 + 17)).
73
Evaluate 28 + (-18 + -7 - -11) - (-136 + -1 + 6).
145
What is (-5 - -10) + -5 + (-10 - -120)?
110
-10 - (6 + -1 + (31 - 15))
-31
Calculate 41 - (13 + 9 + 18 + -14).
15
35 - (99 - 58 - 39)
33
Evaluate 10 + -25 + 14 + -20 - 10.
-31
Calculate 59 + ((2 + -1 - 17) + -12 - -23).
54
What is the value of -26 + (-15 - -9) + 17 - -34?
19
-20 - (-13 + -28 - -27) - (39 - 2)
-43
What is the value of -69 + (81 - (-57 - -100))?
-31
Calculate 42 - -16 - -10 - (1 + -1).
68
What is (94 - 142 - -88) + -53?
-13
Calculate -27 - ((-118 - -134) + 5 + -1).
-47
What is the value of (11229 - 11273) + (-38 - -1)?
-81
What is -3 + -4 + (-150 - -79)?
-78
Evaluate -92 + (176 - (42 + 14)).
28
(6 + -2 - -18 - (15 + -9)) + 2
18
Evaluate -22 + 31 + 13 + -35 - -9.
-4
What is (-30 - 25 - 0) + 12 + (-2 - 2)?
-47
Evaluate -3 - -54 - ((10 - 0) + -9 + 0 + 4).
46
What is the value of 166 - 250 - (13 - 30)?
-67
-24 - (-33 - 56) - 24
41
What is (-9 - -12) + 7 + -3 + -64 - -13?
-44
Evaluate -261 - (-19 + 150 - 266).
-126
-2 + -20 + (28 - -16)
22
Evaluate 37 - 49 - -22 - -8.
18
Calculate 1 - 5 - (-4 - 46) - (-26 - -7).
65
What is the value of 24 + -8 + 28 + -6?
38
(-164 - -235) + (-3 - 14)
54
(3 - (3 - -6)) + -1 + 9 + -9
-7
Calculate 17 - ((-24 + 26 - 24) + 23) - -105.
121
(-1 - -3) + (-3026 - -3035)
11
Evaluate (2 - -4) + -69 - (48 + (2 - 52)).
-61
What is the value of 4 - ((-11 - 13) + 36) - -7?
-1
What is 21 - (550 + -468 - (-8 - -2))?
-67
What is -4 + 57 - -1 - (16 + 2)?
36
(25 - 34) + (1 + -3 - -1) + 32
22
Calculate -20 + 40 + -1 + (29 - 60).
-12
(-115 - -127 - (-3 + -1)) + -85 + -5
-74
Evaluate -88 + (-97 - -54) + 26 + 3.
-102
36 + 0 - (-4 - -8 - ((12 - 23) + 7))
28
Evaluate 5 + -6 - 54 - (15 - (11 + -2 - -19)).
-42
Evaluate -14 + -1 + (28 + -4 - -26).
35
Calculate 3 + 36